- -56).
-2
20 + -14 + 24 + -9
21
What is -3 + (-9 - -1 - (72 - 88))?
5
Calculate (-57 - -53 - (-1 + -12)) + -1.
8
Calculate 143 + -121 + (-1 - 40).
-19
Calculate 8 - (23 - (-9 + (-7 - -22))).
-9
Evaluate -7 + -2 + 2 + 6 + (-1 - -17).
15
Calculate (4 - -1) + -2 - -16 - (61 + -58).
16
Evaluate 2 - ((75 - 87) + (-8 - (2 + -2))).
22
What is the value of 16 - ((6 - 7 - 7) + 16)?
8
48 - 52 - (3 - ((-6 - -3) + 1))
-9
Calculate -37 + 52 - (0 + 3 + -9).
21
Calculate 20 + (14 - (-4 + 30)).
8
Calculate -54 + 60 - (13 - 2).
-5
What is (7 - 9 - -12 - 21) + 20?
9
(23 + 5 - 33) + 0
-5
Calculate -8 + -10 + 10 - 10 - (-1 - 3).
-14
(8 - (22 - 15)) + (-4 - (-17 - -4))
10
What is -8 + -11 + 21 + -11 + -6?
-15
(19 + -8 - 2) + -19
-10
-8 + 1 - (10 + -32 + 2)
13
Evaluate (-23 - -9) + 26 - 17.
-5
What is the value of (-8 - 0 - (10 + -12)) + -4?
-10
What is -20 + (15 + 1 - 3)?
-7
Evaluate 2 + -9 + 1 + -6 + 17 + -5.
0
What is (-126 + 137 - (38 + 1)) + -7?
-35
10 + -2 + (4 - (-3 + 8))
7
-727 - -712 - (0 + -53)
38
What is the value of 32 + (9 - 29) - (0 + 10)?
2
Calculate 6 + 1 + (39 - (91 - 25)).
-20
14 - (-3 - (-2 - (8 + 2)))
5
Calculate -11 + 69 + -46 + (-1 - 0) + -18.
-7
What is the value of (-4 - -1) + -9 + 2?
-10
What is the value of (-4 + 21 - 13) + -9?
-5
Calculate (2 - -5) + 8 + -21.
-6
5 + -9 + -2 + 26 + -10 + -39
-29
Evaluate -2 + (2 - -13 - 43).
-30
Evaluate (9 - (25 - 10)) + 18 - (2 - 6).
16
What is the value of (-8 - (-24 + -1)) + -14 + 30?
33
2400 + -2407 - (2 - (24 + -1 - -2))
16
Evaluate (2 - 12) + 5 + -4 - (3 + -6).
-6
What is the value of -6 - (10 + (7 - 0 - 11) + 14)?
-26
What is 3 + 3 + 2 - (-21 - -42)?
-13
What is (273 - 269) + (1 - 8)?
-3
What is the value of 0 + (15 - (7 + -8)) + 7?
23
-6 + (-14 - -11) + 6 - 14
-17
(-35 - 0) + (-1 - 4 - (-43 - -29))
-26
Calculate -13 - (-29 + 2) - (-21 - 3).
38
What is -5 + (4 - -8 - 9)?
-2
Calculate -1 + -7 + (-1 + -21 - (-115 - -105)).
-20
What is 11 + (20 - 28 - 25)?
-22
What is the value of 17 - (-4 + -3 + 11) - 2?
11
What is 60 - 23 - 17 - 0?
20
What is the value of -4 - ((4 - 10) + (-19 - (0 + -8)))?
13
What is the value of (73 - -2) + (-71 - -35)?
39
What is ((4 - 13) + 0 - 10) + 10 - -10?
1
What is -9 - (2 - (11 + -1 + -9))?
-10
-1 - (1 + 8 + (-3 - -1))
-8
What is 4 + (-13 - -2 - -8) - -12?
13
6 + -6 + (-2 - -12) + -2 - 19
-11
Calculate (-2 + 5 - 4) + 7.
6
Evaluate -6 + 2 + 1 + -3 + 0 + 4.
-2
Evaluate (-18 - -3) + (11 + -1 - (-70 - -74)).
-9
What is the value of -24 + 32 + -33 + 21?
-4
Calculate (14 - (-15 - (-6 - 12))) + 9.
20
(-1 + -19 - 5) + 1 + 7
-17
Calculate (-8 - -15) + 7 + -2.
12
What is -10 + (-8 - (-5 + -1 - 9))?
-3
Evaluate 7 + (-10 - (-5 + 8)).
-6
Calculate 10 + (-3 - ((7 - 11) + 0)).
11
Evaluate (-57 + 33 - -32) + (0 - 0) + -4.
4
(7 - 1) + (-2 - (-1 - -5))
0
Evaluate -2 + -1 + -3 - (-181 + 187).
-12
(16 - (0 + 2 + -2)) + 1743 + -1746
13
Evaluate -11 - (-4 + 1 - (3 + -3)) - 1.
-9
Evaluate 2 - (9 - 1) - (-21 + 11).
4
262 + -257 + (-1 - 2)
2
Calculate 21 + (-17 + 26 - 8) - -12.
34
Evaluate 2 - 16 - -2 - (-10 - -6) - -1.
-7
385 + -399 - (-1 - 1)
-12
Calculate (31 - 41) + (3 - 1 - -3).
-5
What is (-17 - -12 - 18) + 15?
-8
What is (-22 + -4 - -28) + 16?
18
Evaluate (17 - 1) + -21 + (1 - 3).
-7
What is the value of 17 - (9 + -8 + -11) - (11 + -3)?
19
What is the value of -5 + -1 + -55 + 72 + (-2 - -18)?
27
What is -6 - (-13 + (11 + -4 - 0)) - -6?
6
What is -6 - (-10 - -6 - 3)?
1
What is the value of -6 + (5 - -4) + -7 - (5 - 2)?
-7
-17 + 1 - (40 - 105 - -70)
-21
What is -140 - -59 - (0 - 42)?
-39
What is the value of -88 + 64 + -5 + 3 + 12?
-14
What is the value of (-9 - (3 - (-4 - -3))) + (-14 - -13)?
-14
What is the value of 0 - -15 - (-4 + 4 + (-17 - -23))?
9
(0 - (1 + -4 - 0)) + (-76 - -80)
7
What is 12 + (11 + -12 - 9) + 1?
3
Evaluate (-18 - (-2 + -5 - (12 - 8))) + -16.
-23
4 + (1 - (-7 + 3) - (20 - 0))
-11
(-1 + 0 - (-6 - -9) - -3) + 14
13
What is the value of 0 + 7 + 4 + (8 - 0) + -9?
10
Calculate 9 - 32 - -10 - (4 + -3 - 5).
-9
What is the value of -8 + ((5 - -2) + -13 + 3 - 8)?
-19
What is 0 - 1 - (-13 - -51 - 48)?
9
What is 12 + -25 + -16 - -33?
4
What is 5 - -11 - (1 - 4 - (-21 + 14))?
12
What is -7 + -4 + 4 + -8 + -1?
-16
What is -3 - (3 + 14 - 26 - 8)?
14
What is the value of -272 - -262 - (-8 + 0)?
-2
What is 8 - (52 + -8 - 24)?
-12
What is -4 + 6 + (-69 - (-53 + 17))?
-31
Evaluate 1 + -4 + 3 + (-10 - -19) + -1.
8
-3 - (7 + 9 - (-4 - -9))
-14
6 - (-24 - -32) - 17
-19
What is the value of 0 + 4 + (3 + -7 - -1)?
1
Evaluate 22 - ((-7 - -12) + 3).
14
-5 + -17 + 5 + 4
-13
Calculate (-18 - 15 - 1) + 44.
10
17 + (17 - 5 - 24)
5
Calculate 15 - (22 - (23 + -19)).
-3
What is -2 + (2 - 6 - (4 + -16 + 7))?
-1
What is the value of 5 + 14 - 5 - (6 - (9 + -5))?
12
Calculate -6 + 23 + 7 + -6 + -1 + -4.
13
What is the value of (1 + 0 + -8 - -2) + (-1 - -1)?
-5
What is the value of -2 + 0 - 4 - (-5 - 3)?
2
-50 + 40 + (-5 - -2)
-13
What is -12 + -7 + (46 - 9)?
18
Evaluate 19 - (3 + -2 - 0).
18
Calculate (18 - 7) + -2 + (-28 - 4).
-23
What is 15 + -11 - 9 - -3 - 1?
-3
Calculate -2 + 5 + 0 + 0 + -7 + -1.
-5
What is 1 + -1 + -16 - ((4 - 40) + 34)?
-14
What is (-3 - (-7 + 11)) + -25 + 12 + 10?
-10
What is -2 + 4 + 8 - 4?
6
Evaluate 6 - 11 - -7 - (-4 + 7).
-1
Calculate 4 + (-13 + 0 - -5) + -5.
-9
What is the value of -43 - -46 - 25 - (-9 + 1)?
-14
5 - (5 + (-12 - -6) + -2)
8
Calculate (-19 - 0) + (3 - (-25 + 18)).
-9
Calculate (-10 - ((-29 - -15) + 24)) + -10.
-30
Evaluate 18 - (2 - (128 + -135 - (-7 + -1))).
17
-1 - -24 - (-1160 - -1182)
1
What is 10 - (-2 - -29 - (9 - -2))?
-6
Evaluate 10 + (-46 - (17 - 33)) + -9.
-29
What is the value of 6 + -18 + 5 + 8 - (10 + -1)?
-8
Calculate 10 - ((54 - 43) + -10 + 1).
8
Calculate -19 + 20 + (-9 - 2) - 20.
-30
Calculate (10 - -1) + (2 - -4 - (1 - -2)).
14
8 + (-17 - -1) - 2
-10
Calculate 13 + 22 + (-2 - 2 - 9).
22
1 + 0 + (-10 - (-4 + 0)) + 2
-3
What is the value of (-12 - (-12 + (5 - (3 - 4)))) + 27?
21
(0 - 40) + (-55 - -73) + -9
-31
Evaluate 2 + 1 + -187 + 185 + 7.
8
Calculate (0 - (-1 + 1 + -7)) + (378 - 381).
4
What is (12 - 3) + -6 + -4?
-1
Calculate 4 + -1 - (-7 + 3 - (-23 - 5)).
-21
Calculate 9 + -18 + 11 + -4.
-2
What is 17 + (8 - 34) + 11?
2
What is the value of 20 + 0 + 14 + (-38 - -26) + 5?
27
Evaluate 17 - (11 - 5 - -21).
-10
Calculate 113 - 88 - (33 + 6).
-14
Evaluate -862 + 867 + (-29 - -2).
-22
What is (-38 - -56) + (5 - 20)?
3
Calculate -41 - (-8 - (6 + 6 - 10)).
-31
What is 5 - (-4 + 22 - -4)?
-17
Evaluate 23 + -44 - (-1 - 6).
-14
Evaluate -15 + 10 + 8 + 7 - (-3 - 0).
13
What is (-2 + 10 - 0) + 3 - 9?
2
What is the value of -3 + -2 + (-86 - -96) - (14 - 1)?
-8
What is the value of 4 + (-12 - (-9 + 10))?
-9
Evaluate -33 - -35 - (11 - 3) - -5.
-1
What is -6 + 1 - ((100 - 108) + (1 - 9))?
11
What is the value of -9 - (7 + (-14 - 4) + -1 + 3)?
0
What is the value of 18 - (10 + 0 + 1)?
7
Evaluate -8 + (25 - 42 - -17).
-8
16 + -21 + -9 - (12 - -1)
-27
What is -51 + 91 - (0 + 22)?
18
What is the value of (5 - 5) + (9 - 20 - -8) - 14?
-17
What is the value of 7 + -17 + 8 + 0?
-2
(-2 + -5 - -1) + (-10 - -30)
14
Calculate -11 + (46 - 17) - -16.
34
Calculate (0 - (-3 + -2)) + 9 - 32.
-18
-3 - (-8 + 1 + -13 + 14)
3
Calculate -3 + 14 + (-104 - -76).
-17
14 - (20 + -22 - (-3 - 6))
7
Evaluate -1 - -4 - (-1 + (17 + -1 - 4)).
-8
Evaluate -3 - (-102 + 117 + (0 - 17)).
-1
Evaluate -6 + 4 - (-4 - (-3 + 1 - 2)).
-2
-6 - (-8 - (5 - -7))
14
14 + 0 + 6 + (4 - -2) + -20
6
What is -14 + 33 + -18 + 15?
16
What is 11 - (2 + -1) - (226 + -224)?
8
What is -5 - (25 + -42 + -1)?
13
What is 2 + -3 + (0 - 0 - 10) - -5?
-6
2 + 8 + -4 - (4 - (-15 + 7))
-6
What is the value of (10 - -5 - 80) + 18 + 13 + -1?
-35
Evaluate -9 - ((-14 - (-18 - -3)) + -16 + -2).
8
Evaluate 2 + 0 + -39 - (2 - (-26 + 38)).
-27
Evaluate 2 + (6 - (0 - (6 + -21))).
-7
What is the value of -37 - ((-55 - -20) + 9)?
-11
Calculate 66 + -88 - (-21 + 3).
-4
Evaluate -14 + 0 + -3 + 7 + 2 + 4.
-4
Evaluate 30 + 25 - 32 - 36.
-13
Calculate 0 - 24 - (47 + -42 + -13).
-16
Evaluate 2 + -10 + 9 + 0 + 8.
9
Calculate (-5 - 4) + 29 + -9.
11
-96 + 74 + 1 + -4 - -14
-11
What is the value of -4 + (-9 - -12) + -5 + 16 - 27?
-17
-6 - (0 + -8 - (-155 - -165))
12
Calculate 8 + (-14 - -5) - -5.
4
-2 + (-2 - 6 - (-6 + -6))
2
What is (2